2856?
2
What is the thousands digit of 128576492?
6
What is the hundred millions digit of 449033373?
4
What is the units digit of 1554387933?
3
What is the units digit of 264250589?
9
What is the hundred millions digit of 1548545065?
5
What is the tens digit of 112836954?
5
What is the hundred millions digit of 1337827718?
3
What is the hundred millions digit of 756983356?
7
What is the hundreds digit of 212277057?
0
What is the tens digit of 111223330?
3
What is the hundred thousands digit of 1398147192?
1
What is the hundred millions digit of 1651310767?
6
What is the units digit of 51911911?
1
What is the millions digit of 60950121?
0
What is the tens digit of 57735944?
4
What is the ten millions digit of 467572535?
6
What is the tens digit of 2119145632?
3
What is the millions digit of 5459655670?
9
What is the hundreds digit of 69121017?
0
What is the ten thousands digit of 671714086?
1
What is the thousands digit of 483985047?
5
What is the thousands digit of 17300036?
0
What is the ten millions digit of 239365963?
3
What is the hundred thousands digit of 249989315?
9
What is the tens digit of 265383825?
2
What is the millions digit of 70725914?
0
What is the tens digit of 32931195?
9
What is the millions digit of 52180838?
2
What is the tens digit of 3184875581?
8
What is the ten thousands digit of 72604197?
0
What is the ten millions digit of 1578228030?
7
What is the ten millions digit of 390271855?
9
What is the billions digit of 7362097109?
7
What is the ten millions digit of 15947867?
1
What is the hundreds digit of 73172107?
1
What is the tens digit of 2708368199?
9
What is the hundred thousands digit of 32724003?
7
What is the hundred thousands digit of 5742287897?
2
What is the millions digit of 50383272?
0
What is the ten thousands digit of 220832527?
3
What is the hundreds digit of 26147819?
8
What is the hundred thousands digit of 203056047?
0
What is the millions digit of 15133551?
5
What is the hundreds digit of 158491332?
3
What is the hundred millions digit of 1202056777?
2
What is the ten millions digit of 68356539?
6
What is the ten millions digit of 476803956?
7
What is the ten millions digit of 200551901?
0
What is the millions digit of 2085971666?
5
What is the units digit of 80736644?
4
What is the hundred thousands digit of 2557170382?
1
What is the millions digit of 10357067?
0
What is the tens digit of 899939173?
7
What is the thousands digit of 357659623?
9
What is the thousands digit of 3498538766?
8
What is the hundred millions digit of 239270985?
2
What is the ten millions digit of 96640326?
9
What is the hundred thousands digit of 881469606?
4
What is the ten millions digit of 188750995?
8
What is the units digit of 53161341?
1
What is the hundred thousands digit of 234733948?
7
What is the thousands digit of 323984075?
4
What is the millions digit of 274733684?
4
What is the hundred millions digit of 1085039385?
0
What is the hundreds digit of 39041450?
4
What is the thousands digit of 394646640?
6
What is the hundreds digit of 775309736?
7
What is the units digit of 5583501570?
0
What is the units digit of 1995761942?
2
What is the hundred thousands digit of 836586399?
5
What is the millions digit of 101931567?
1
What is the hundreds digit of 360434461?
4
What is the hundreds digit of 4058872327?
3
What is the thousands digit of 95635264?
5
What is the billions digit of 1601511787?
1
What is the hundred thousands digit of 21318579?
3
What is the hundred thousands digit of 34309692?
3
What is the ten thousands digit of 66749478?
4
What is the ten thousands digit of 1334121918?
2
What is the thousands digit of 8168662743?
2
What is the ten millions digit of 119481032?
1
What is the tens digit of 455849568?
6
What is the thousands digit of 3976584906?
4
What is the units digit of 6577114411?
1
What is the hundred thousands digit of 106516010?
5
What is the hundreds digit of 120384887?
8
What is the hundreds digit of 78065551?
5
What is the hundred thousands digit of 50873907?
8
What is the hundred thousands digit of 1990797428?
7
What is the hundred millions digit of 999708279?
9
What is the billions digit of 1118255844?
1
What is the hundred thousands digit of 392611069?
6
What is the ten thousands digit of 23491129?
9
What is the hundreds digit of 95178625?
6
What is the ten thousands digit of 125629880?
2
What is the tens digit of 361849951?
5
What is the hundred millions digit of 1107704332?
1
What is the millions digit of 44595570?
4
What is the thousands digit of 126426827?
6
What is the thousands digit of 303167372?
7
What is the hundreds digit of 1024740893?
8
What is the tens digit of 1184443413?
1
What is the ten millions digit of 232284886?
3
What is the ten millions digit of 255953588?
5
What is the units digit of 273998948?
8
What is the hundreds digit of 361643750?
7
What is the hundred millions digit of 5859363150?
8
What is the tens digit of 2361999243?
4
What is the hundred thousands digit of 64572153?
5
What is the tens digit of 7786720802?
0
What is the millions digit of 299673641?
9
What is the units digit of 28485918?
8
What is the units digit of 961343611?
1
What is the thousands digit of 79392525?
2
What is the hundreds digit of 110004970?
9
What is the hundred millions digit of 297591003?
2
What is the hundreds digit of 3682108130?
1
What is the hundreds digit of 8065243?
2
What is the millions digit of 9721375?
9
What is the units digit of 203001167?
7
What is the thousands digit of 59414327?
4
What is the units digit of 286638819?
9
What is the hundred thousands digit of 4361690360?
6
What is the tens digit of 1589003722?
2
What is the tens digit of 39654362?
6
What is the tens digit of 95754664?
6
What is the units digit of 113998502?
2
What is the ten thousands digit of 190094946?
9
What is the tens digit of 170437901?
0
What is the hundred thousands digit of 6866945713?
9
What is the ten millions digit of 156974983?
5
What is the hundred millions digit of 181084488?
1
What is the millions digit of 1388430257?
8
What is the units digit of 49862211?
1
What is the millions digit of 230469560?
0
What is the tens digit of 1582672266?
6
What is the hundred thousands digit of 3096603856?
6
What is the ten thousands digit of 503225631?
2
What is the ten millions digit of 1099873967?
9
What is the hundred thousands digit of 20105451?
1
What is the millions digit of 549407206?
9
What is the ten millions digit of 1766430651?
6
What is the millions digit of 110241232?
0
What is the units digit of 12620240?
0
What is the ten thousands digit of 64724428?
2
What is the tens digit of 88880187?
8
What is the ten thousands digit of 1351151028?
5
What is the billions digit of 4475386444?
4
What is the hundreds digit of 45935737?
7
What is the units digit of 12984424?
4
What is the hundred millions digit of 559882769?
5
What is the hundreds digit of 537463163?
1
What is the tens digit of 1463403548?
4
What is the ten thousands digit of 386421643?
2
What is the hundred thousands digit of 202660244?
6
What is the thousands digit of 19969670?
9
What is the millions digit of 63798693?
3
What is the thousands digit of 416021118?
1
What is the tens digit of 107376936?
3
What is the tens digit of 725747307?
0
What is the hundred thousands digit of 1823620261?
6
What is the thousands digit of 1485609822?
9
What is the units digit of 28696113?
3
What is the hundreds digit of 3034069586?
5
What is the tens digit of 29231532?
3
What is the ten millions digit of 19096780?
1
What is the units digit of 222520408?
8
What is the hundred thousands digit of 433532312?
5
What is the thousands digit of 4769090331?
0
What is the tens digit of 723332609?
0
What is the units digit of 53406077?
7
What is the units digit of 75431363?
3
What is the hundred thousands digit of 28900838?
9
What is the hundreds digit of 2177991968?
9
What is the thousands digit of 189296154?
6
What is the hundred millions digit of 234881685?
2
What is the ten thousands digit of 655499059?
9
What is the ten thousands digit of 27864316?
6
What is the tens digit of 53355836?
3
What is the ten thousands digit of 32988422?
8
What is the ten millions digit of 50218654?
5
What is the hundred millions digit of 808117553?
8
What is the hundred millio